ed by 3?
2
Let o be (-1)/((-5 + 6)/(1/(-1))). Let k = 10 + o. Calculate the remainder when k is divided by 7.
4
Suppose -44*t = -736 - 980. What is the remainder when 143 is divided by t?
26
Suppose -3*o = -2*g + 6*g - 81, g = 5*o - 135. Let l = o - 22. What is the remainder when 14 is divided by l?
4
Suppose -2*h = b - 90, 114 = 4*h + 4*b - 70. Calculate the remainder when 259 is divided by h.
39
Let k = 484 - 416. Let i be (-2)/11 + (-532)/(-22). Suppose 4 + i = 2*u. What is the remainder when k is divided by u?
12
Let c be -156*(1 - 2)/1. Suppose -4*r = 5*z + 213, z - 4*r + c = -3*z. Let n = -25 - z. Calculate the remainder when n is divided by 6.
4
What is the remainder when 18 is divided by (-2 + 14)/3 + -2?
0
Let d be -2*(-4)/(8/2). Suppose -5 = -k + d. What is the remainder when 2/(-8) + (-324)/(-16) is divided by k?
6
Suppose 3*o - 15 = 3*r, 5*o - 31 = 3*r + 4. What is the remainder when 165 is divided by o?
5
Suppose -18 = -2*c - 6. Suppose -2*r - 280 = -c*r. What is the remainder when 7 is divided by (-6)/4*r/(-21)?
2
Let l(r) = r**3 + 15*r**2 - r - 12. Let d be l(-15). Suppose d = -x + 18. Let v = 33 - x. What is the remainder when 33 is divided by v?
15
Let n = -16 - -24. Suppose 0*m + 4*m = 20. Suppose -m*u + 82 = -73. What is the remainder when u is divided by n?
7
Suppose -2*r + 3*i + 129 = 2*r, 5*r - 161 = 4*i. Calculate the remainder when r is divided by 21.
12
Let g be (-3)/9 - 268/(-12). Suppose g = 5*d - 0*d + 2*v, 4 = 4*v. What is the remainder when 9 is divided by d?
1
Let d be 40/120 - (-20)/(-6)*-44. Suppose 3*o - 3*k = d + 426, -3*o + 576 = -4*k. Calculate the remainder when o is divided by 21.
20
Let n be (-1)/5 + 3 - 1/(-5). Suppose -11*q = -n*q - 1400. Calculate the remainder when q is divided by 44.
43
Let m be 4 + -1 + 1 + -4. Suppose -2*g + 5*q + 27 = 0, 2*q = 2*g - m*q - 24. Calculate the remainder when g is divided by 6.
5
Suppose -2*z = 8, -5 = q + 4*z - 12. Calculate the remainder when q is divided by 3.
2
Suppose -4*q + 5*q = 7. Let b(p) = 11*p - 647. Calculate the remainder when q is divided by b(59).
1
Let d(l) = -2*l**2 + 9*l. Let m be d(6). Let z = m - -25. Suppose p = -z + 57. What is the remainder when p is divided by 13?
11
Let b(x) = x**2 - 11*x - 5. Let z be b(12). Suppose -20 = 2*n - z*n. Suppose d + 8 = 3*d - 5*s, -d + n = -2*s. What is the remainder when d is divided by 3?
1
Let h = -647 - -745. What is the remainder when h is divided by 17?
13
Suppose -4*a + 2*a + 92 = 4*t, -a = 0. Calculate the remainder when 63 is divided by t.
17
Suppose -15*q + 239 = -16. What is the remainder when 56 is divided by q?
5
Suppose 6*f - 65 = 5*f. What is the remainder when f is divided by ((-9)/6)/(12/(-88))?
10
Let j(r) = 2*r + 7. What is the remainder when 8 is divided by j(-1)?
3
Suppose 2*q + v - 889 = 0, -v - v - 2209 = -5*q. What is the remainder when q is divided by 15?
8
Suppose -7*t + j = -3*t - 88, -j = -3*t + 65. Let z = t - 16. Let v(w) = w**3 + 8*w**2 + 8*w - 5. What is the remainder when v(-6) is divided by z?
5
Let a = -78 - -141. Suppose 87 = 6*n - a. What is the remainder when 46 is divided by n?
21
Suppose 0 = 5*h + 9 + 16, -h + 5383 = 4*v. Calculate the remainder when v is divided by 54.
51
Suppose 6*z - 162 - 24 = 0. Let i(u) = -u**3 + 10*u**2 + u + 2. What is the remainder when i(9) is divided by z?
30
Let p(n) = -6*n - 45. Calculate the remainder when 92 is divided by p(-9).
2
Let h = 537 + -435. What is the remainder when h is divided by 22?
14
Suppose -5*a - 8*k + 4*k = -6, 0 = 4*a + 2*k. Let h = 15 + a. Let y(r) = 4*r + 143. Calculate the remainder when y(-24) is divided by h.
8
Let y = 17 + -37. Let p(w) = w**3 + 4*w**2 - 6*w - 7. Let g be p(-6). Let f = y - g. Calculate the remainder when f is divided by 12.
11
Let o(w) = w**3 - 7*w**2 - 10*w + 60. What is the remainder when 496 is divided by o(8)?
12
Suppose -3 = -3*b + 6. Suppose 0 = -b*v - f + 2, 0 = 5*v + 5*f. Let h(l) = 39*l**3 + 2*l**2 - 2*l + 1. Calculate the remainder when h(v) is divided by 14.
12
Suppose -3*v + 127 = 5*h, -4*h + 86 + 2 = 2*v. What is the remainder when v is divided by 8?
2
Suppose 426 = 5*t + 4*z + 140, 2*z = 8. Calculate the remainder when t is divided by 77/4 + (-1)/4.
16
Let f be (-520)/(-25)*5/2. Suppose -5*b = -3*b - 3*i - 9, -2*b + 4*i = -12. Suppose 5*q - 38 - f = b. What is the remainder when 51 is divided by q?
15
Suppose -18*l - 13*l = -4588. What is the remainder when l is divided by 13?
5
Let a = 1355 - 1340. Calculate the remainder when a is divided by 7.
1
Suppose 5*w + 109 = -g, -2 = -g - w - 91. Let h = 61 - g. Let c(l) = -11*l + 4. Calculate the remainder when h is divided by c(-3).
34
Let m(b) = 8*b**2 - 3*b - 3. Let h(r) = r**3 - r**2 - r + 20. What is the remainder when m(-2) is divided by h(0)?
15
Suppose 113*t - 100*t = 7449. Calculate the remainder when t is divided by 14.
13
What is the remainder when 28 is divided by (342/36)/(1/2)?
9
Let d = 36 - 26. Suppose 0 = -d*b + 660 - 210. Calculate the remainder when b is divided by 12.
9
Let o(f) = f**2 + 99*f + 1512. Suppose a + 0*a + 4*m - 83 = 0, 3*a - 229 = -2*m. Suppose 0 = -0*l - 5*l + a. What is the remainder when o(-18) is divided by l?
9
Calculate the remainder when 48/5*740/222 is divided by 20.
12
Suppose 0 = 3*j - 5*k - 142, -4*j + 2*k - 62 = -5*j. Let p(w) = -2*w - 12. What is the remainder when j is divided by p(-10)?
6
Let m = 130 + -111. What is the remainder when 32 is divided by m?
13
Let g(o) = 2*o**2 - 2*o - 3. Suppose -2*v + 25 = 3*v. Let h be g(v). Suppose -h = -2*r + r. Calculate the remainder when r is divided by 13.
11
Let b be -12*(2/6 - 2). Suppose 0*c = -c + b. Suppose 42*i + 9*i - 2907 = 0. What is the remainder when i is divided by c?
17
Suppose -21*a + 398 + 1 = 0. Suppose -a*z = -80 - 15. What is the remainder when z is divided by ((-4)/2)/2 - -5?
1
Suppose -5*v = 3*s - 404, -3*s = -3*v + 305 - 77. What is the remainder when v is divided by 26?
1
Suppose -24 = -5*b - 9. Let x(d) = d**3 - 5*d**2 - 5*d + 5. Calculate the remainder when 0 - 1*(b*-10 - 2) is divided by x(6).
10
Let p(f) = f**2 - 10*f. Let w = 19 - 6. Calculate the remainder when p(w) is divided by (10/3)/((-1)/(-3)).
9
Let v(j) = 26*j + 4. Let h be v(2). Let d = -41 + h. Calculate the remainder when 57 is divided by d.
12
Suppose -10*v + 2 = -9*v. Suppose -70 = -4*q + 5*t, 5*q = v*q - 4*t + 37. Calculate the remainder when q is divided by 10.
5
Let u(j) = -30*j + 84. Calculate the remainder when u(-4) is divided by 35.
29
Calculate the remainder when 113 is divided by ((-44)/(-110))/((-3)/(-390)).
9
Suppose -v - 3*j + 14 = 0, 3*j + j - 13 = -v. What is the remainder when 114 is divided by v?
12
Suppose -6*n + 5414 = 4748. What is the remainder when n is divided by 44?
23
Let p be 3/((-9)/(-6) + 0). Let j(u) = u + 6*u**2 + u**p - 7 + 6. What is the remainder when j(1) is divided by 3?
1
Let y(b) = -55*b - 324. What is the remainder when y(-8) is divided by 24?
20
Suppose t + 3*t = 12. Suppose 3*k = t*v - 96, -3*v + 3*k = -5*v + 54. What is the remainder when 116 is divided by v?
26
Suppose -3*n = -5*f - 56, 4*f + 104 = 5*n + f. Calculate the remainder when 83 is divided by n.
17
Let p = 15 - 15. Suppose -5*f - 4 = a + 7, p = a - 2*f - 24. Let x = a + -1. Calculate the remainder when 51 is divided by x.
12
Let d = 6 + 2. Suppose p - d = -p. Suppose n - p*u = 21, -4*n - u + 109 = -9. What is the remainder when n is divided by 15?
14
Suppose 21*h = 51 + 684. Suppose 0 = -5*n + 3*n + 18. What is the remainder when h is divided by n?
8
Suppose -8 = -0*d - 2*d. Suppose 0*l - 5*l - 60 = 0. Calculate the remainder when (1 - -22) + l/3 is divided by d.
3
Suppose 0 = -4*q - 4*r - r + 72, 2*q - 4*r = 36. Let l = 79 - q. Let f(y) = -y**3 - 8*y**2 - y + 8. What is the remainder when l is divided by f(-8)?
13
Suppose 2*p + 0*p - 34 = 0. Let k(b) = -b**3 + 34*b**2 - 148*b + 91. Calculate the remainder when p is divided by k(29).
1
Let j(b) = -b**3 - b**2 + 2*b - 5. Let o be j(-3). What is the remainder when 20 is divided by 12/20*(o + 3)?
2
Let o(q) = -14*q**3 + 3*q**2 - 4*q - 2. Let w(g) = -14*g**3 + 4*g**2 - 5*g - 2. Let z(c) = 4*o(c) - 3*w(c). What is the remainder when 101 is divided by z(-1)?
10
Suppose -6*f + 80 = -2*f. Suppose -4*h + f = 4. What is t